(-2 + 6 - (-72 - (-79 - 51))) + -1 + 3?
-52
What is ((10 - -4) + 15 - -14) + -5 - 3?
35
Calculate -24 - (23 - (37 - 8)).
-18
3 - (4 + -45) - (-13 - (2 - 9)) - -2
52
Evaluate -14991 - -15038 - (-2 - -1).
48
Calculate -39 + (-62 - (32 - 184)).
51
Calculate 36 + 0 + (0 - -3) - ((-6 - -3) + 12).
30
316 + -148 + -1 - 23
144
Calculate (59 - -11) + -32 + -86.
-48
Evaluate 0 + -4 + 11 + (1 + -99 - (14 - 13)).
-92
What is 123 + (25 + -9 - 27 - 23)?
89
Evaluate -8 + 68 - (92 + -85 + (-2 - -11)).
44
What is 58 - (38 + 80 + -50)?
-10
-9 + 3 - -18 - (8 + 2 - -10)
-8
193 + -116 + 36 - 76
37
Evaluate (0 - 38) + (211 - 130) + -88.
-45
(-95 - -111 - (1 - -15)) + (-20 - (-11 + 5))
-14
Evaluate (23 - (-1 + 16 - (-258 + 266))) + -34.
-18
(-3 - (10 - 20) - 14 - (49 - 1)) + -6
-61
Evaluate -12 + 10 + -5 + (22 - 33) - -8.
-10
Evaluate 208 + -197 + (14 - 3).
22
What is (-58 - -120) + -59 + (-3 - (3 - (3 + -46)))?
-46
Calculate (-340 - -338 - (-1 + 10)) + -15 + 64.
38
What is 19 + (3 + -6 - 0) - (13 - (8 - -11))?
22
What is (46 - (35 + -68 + 19)) + 25?
85
Evaluate 13 + (-54 - -8 - 36).
-69
Calculate -40 + (-39 - (38 + -108)) - (-9 + 0).
0
Calculate (-777 - -726) + (42 - 0).
-9
Evaluate -82 + (-10 + 41 - 14) + 18 + -13.
-60
What is (-39193 - -39189) + (-49 + 4 + -2 - (1 - 2))?
-50
What is the value of -1 - -134 - (-50 + 52 + -13)?
144
Calculate 15 - (-14 - ((-23 - 8) + 27)).
25
Evaluate 1 - -1 - (3 + (-1 - -13) - (30 - -67)).
84
Evaluate 92 + (-161 - (-125 + 65)).
-9
What is -7 + 6 - 5 - 1 - (-7 + 12 + 32)?
-44
1 + -14 - (-15 + 15) - (12 + -28 - -13)
-10
What is -8 + (1 + -1 - -30) - (-90 + 52)?
60
-98 + (-70 + 64 - ((-14 - (4 - 8)) + -4))
-90
What is (38 - -1) + (-6833 - -6806)?
12
What is 47 + -137 + 76 - -113?
99
What is the value of 105 + (-41 - -16) + -63?
17
Evaluate -12 - (16 - 18 - -2 - (6 + (-1 - -8))).
1
What is the value of 123 + 8 - (-36 - 10 - -94)?
83
What is 5 + -1 + 6 - (-195 + 184)?
21
Evaluate 335 - 366 - (-22 + -2 - 0).
-7
Calculate (5 + -21 - -5) + (14 - 22 - -1).
-18
Calculate -12 + (-4 - 105) + (-149 - -154).
-116
Calculate 21 + (7 - 10) + ((3 - 10) + 12 - 4).
19
What is 13 + 0 + (-2 - (4 - 5)) + 14?
26
What is 11 - -41 - -14 - (-26 - (7 + -51))?
48
-346 + 324 - (-21 - 2)
1
What is the value of 25 + (-80 - -51 - (-22 + -1))?
19
What is (3 + -2 - 9) + (-2934 - -2895)?
-47
Evaluate 2 - 44 - (-2 + (38 - 19) - (29 + -6)).
-36
What is 16 + (0 - (16 - (-1 - 3))) + 9?
5
-7 - (3 - 11) - (7 + -12)
6
Calculate 17 + (-45 - -4) - -29 - (17 + 1).
-13
What is -71 + 1 - (22 + (-28 - (-4 - -10)))?
-58
Calculate -19 - (-10 + -4 + 6 - 6) - (0 + -48).
43
Evaluate -1636 + 1607 + -37 + -1 + 5.
-62
What is the value of 115 + (-52 - (253 - 98))?
-92
Calculate 2 + (26 - (5 + 10 - 0)).
13
Evaluate -17 - -2 - ((8 - 0) + (-27 - -31)).
-27
Calculate (-1 + -19 - (-15 - -6)) + (76 - -2).
67
Evaluate (-10 + -8 - -22 - -2) + (-3 - (-29 + 1)).
31
Evaluate (-2 - 0 - -1) + 92 + -41 + -109.
-59
Calculate (-5 - 0) + (-21 - -11) + 0 + -3.
-18
What is the value of 45 - 44 - (-26 + (-4 - -79))?
-48
What is the value of -2 + (0 - -6) + 60 + -55 + 6?
15
-4 - (-6 - -8) - -78 - (-77 + 60)
89
Calculate (-11 - (-25 - 7)) + -34.
-13
What is 64 - ((-1 - 85) + 144)?
6
-16 - 0 - ((-76 - -44) + 36)
-20
What is the value of -6 + (0 - 0) + -9 + 9 - -9?
3
14 + 87 + 10 + (4 - 33)
82
What is the value of 4 - (-18 + 9) - (-6 - -16 - -43)?
-40
(19 + -1 - 39) + 38 + 2 + 8
27
Calculate 16 + -1 + 3 + (13 - 39) - 17.
-25
Evaluate 0 + -54 - (355 - 379).
-30
-32 + (-11 - 0 - -45)
2
Evaluate (-47 - -83) + -4 + -8 + 3 + 2.
29
Calculate (58 - 58 - (0 - -3)) + -69 + 4 + 10.
-58
Evaluate -3 + 0 + (11 - ((5 - -6) + 1)) - 25.
-29
What is the value of 50 + (19 - 16) + -24?
29
(171 - 61) + -205 - (21 + 2)
-118
What is -8 - -333 - 344 - (0 + 0 - 2)?
-17
Calculate -22 + (7 - -21 - 14) + 24.
16
What is -59 + (17 - (-4 + 1 + -9 + 19)) + 5?
-44
Evaluate -3 + -3 + -24 + 26 - (74 - 94).
16
Calculate (-11 + 34 - 178) + 88.
-67
Evaluate 10 + -5 + 2 - (6 + 7).
-6
What is 22 - (-2 + -2 + 5 + -3)?
24
Calculate 1672 - 1664 - (-44 + 7 - (-2 - -4)).
47
-14 - (0 + 11 + 54 + -30)
-49
What is the value of -3766 + 3789 - (-1 - -9)?
15
Calculate (-140 - (-74 - 101)) + 7.
42
Calculate (42 - (-12 + (32 + 11 - 18))) + 16 + -1.
44
Calculate (42 - ((-20 - -57) + -20)) + 0.
25
What is -181 + (2 + 5 - (-109 - -68))?
-133
What is (-4 - (-5 - -30)) + -3 + (-13 - -8) + 10?
-27
What is -26 - (-23 + 23 - 21 - -49)?
-54
What is the value of 6 + -3 - (24 - 21 - 14 - 24)?
38
What is (-10 - -17) + 19 + (-17 + 6 - (-4 - 1))?
20
What is (85 - (-72 - -187)) + (66 - 0)?
36
(17 - 2) + -3 + (37 - (13 + 8))
28
(4 - 54) + (-28 - -29) + 35
-14
What is 6 + (-567 + 575 - (-1 + -13))?
28
Calculate -20 - 1 - (-253 + 111 - -40).
81
What is the value of -41 + -3 + 10 + 56?
22
-15 + (39 - (49 + -7))
-18
What is the value of 48 + 52 + -184 - -88?
4
(1 - -86) + (-5 + 10 - (10 - -1))
81
What is the value of 16 - 2 - (42 + -50 - -21) - (-1 - -36)?
-34
Calculate 639 + -637 + (15 - (-5 - -3)) + 4.
23
Evaluate (12 + -2 - (-1 - -6)) + 100 + -106.
-1
What is -24 - (18 + (-5 - -35) - (-4 + -2))?
-78
What is the value of (-32 - ((-8 - -30) + -45)) + 50?
41
Evaluate -8 - (7 + 5 + (7 - (-2 + (16 - 8)))).
-21
What is the value of (-21 - -17) + -35 + (-29 - -44)?
-24
What is 0 - 17 - (48 + 118 - 151)?
-32
What is 22 + -3 - (-63 - (-108 - -108))?
82
Calculate 11 + (3 - (-19 - (5 - -2 - -1))).
41
What is the value of -14 + 8 + 6 + -12 + -2 + -10 + -1?
-25
(64 + -112 - -122) + -43
31
Evaluate 63 + 32 + -14 + -95.
-14
What is the value of -46 - (2 - 20 - -34) - -32?
-30
What is (33 - (-23 - -34)) + -15?
7
1 + (386 - 404) + -1 + 0
-18
5 + (-4 - (6 + 5)) - (-15 - -13)
-8
Evaluate 22 + 6 + 10 + 2 - (10 + -26).
56
Calculate (-3 - (76 + 5)) + (24 - 8).
-68
-7 + -4 - (-4 + 0 - -20)
-27
What is 89 - (148 - 19 - 4)?
-36
((-4 - -3) + -10 - -3) + -2278 + 2288
2
Calculate (-2 - (-5 + -2)) + -1 - (-3874 - -3940).
-62
Calculate (-50 - (-149 - -42)) + 1.
58
-42 + -3 - (68 + -74)
-39
What is the value of 41 + -54 + 1 + 2 + -9?
-19
Calculate (-36 - ((-2 - 8 - -12) + 9)) + -2.
-49
Calculate -9 - (1 - (-9 - (0 - (-9 + 8)))).
-20
Evaluate 146 + (-186 - -34) - (1 - 27).
20
Evaluate (-27 - -3 - (99 + -103)) + 47 + -17.
10
10 + 1 - (15 + -36 + (-44 - -96) - -110)
-130
Calculate (9 - 0) + 29 + 5 + 669 + -824.
-112
What is the value of (-2 - -9) + -29 + 54 + 8?
40
(12 - (44 + 0 - (89 + -88))) + 2
-29
Calculate (-96 - -3) + -226 + 142 + 95.
-82
45 + 24 + 22 + -47
44
Evaluate 3 - (-20 - -9) - (34 + -2).
-18
What is 53 - (-19 + -31) - 54?
49
What is -44 + (26 - 30) + -4 + 30?
-22
10 - -4 - (75 + -36 - -52)
-77
-13 + (1 - -22) + (-6 - (19 - -1))
-16
19 - 31 - (12 + -46)
22
Calculate 1 + 21 + (39 - (97 - 66)).
30
-4 - -16 - (70 - (-29 + (0 - -16)))
-71
What is 11 + (-20 - 3 - (20 + -20) - -7)?
-5
-2709 - -2708 - (-24 + (1 - (-2 + 4)))
24
Calculate -27 + 3 + 83 - 101.
-42
Evaluate 11 - (1 - -10 - (-685 - -710 - (26 + 0))).
-1
Evaluate 15 - (-1 + 5) - (-13 + 15 - 59).
68
Evaluate -2 + 10 + -20 + 9 - (-10 + 6).
1
Evaluate (-73 - -13) + 49 - (0 + -109) - (-5 + 1).
102
0 + 0 + (-14 - 4) - (7 + (-58 - -45))
-12
What is (1 + 8 - -4) + 13 + 0 + -86?
-60
What is the value of 41 + (-37 - -30) + 33 + -10?
57
Evaluate (-8 - (-69 + 42 + -2)) + 27.
48
Evaluate 14 - 1 - (31 - (8 + 2) - 26).
18
Calculate 22 + (-1 + -2 - -3) - (-183 + 188).
17
What is the value of (8 - 20 - -29 - (-1 - 21)) + 8?
47
What is the value of 47 + (17 - 12) + 2 + -16?
38
What is the value of -26 - (59 - (69 - 58))?
-74
Evaluate -25 - (1 - (41 - -21)).
36
Evaluate -5 + 78 + -116 + 17.
-26
Calculate 4 + -85 - (12 + -28) - 1.
-66
Calculate (-1 + 9 - -1) + (4 - (41 + -66)).
38
Calculate (123 - 33) + -42 + 28 + 0.
76
What is the value of 34 - (28 + 10) - (-10 - -10 - (2 - 0))?
-2
Calculate (-46 - -1 - (648 + -672)) + -33.
-54
-37 + (21 - 47 - -85)
22
What is the value of (-73 - -51) + -14 + 139?
103
What is -58 - ((0 - 6) + (-25 - -5 - -13))?
-45
(-46 - -66) + (2 - -8)
30
Evaluate -21 + 9 + -54 + 1 + 19.
-46
-134 + 214 + -20 + -78
-18
-202 + 374 + -176 - (1 + 26)
-31
Calculate -75 + (-58 - -30) + 130.
27
Calculate 5 - 89 - 0 - (-15 + (10 - (0 - 0))).
-79
Calculate 4 + -1 + -7 + 42 + -42 + 9.
5
Evaluate -8 + 1 + ((37 - -14) + 9 - 11).
42
(179 - 121) + (137 -